{"id":2,"date":"2022-11-16T17:09:24","date_gmt":"2022-11-16T17:09:24","guid":{"rendered":"https:\/\/falc.edu.br\/?page_id=2"},"modified":"2025-04-29T23:33:54","modified_gmt":"2025-04-29T23:33:54","slug":"sample-page","status":"publish","type":"page","link":"https:\/\/falc.edu.br\/","title":{"rendered":"Alunos Diplomados"},"content":{"rendered":"\n<p>A Faculdade Aldeia de Carapicu\u00edba \u2013 FALC, torna-se p\u00fablico a listagem dos alunos diplomados no ano de 2022, at\u00e9 a presente data.<\/p>\n\n\n\n<p>Comunicamos aos alunos que conclu\u00edram seus cursos e ainda n\u00e3o solicitaram seus diplomas, procurar a Faculdade FALC \/ FAEESP, localizado na AV. Presidente Vargas N\u00ba 403 Jardim Nova Itapevi \u2013 Itapevi \u2013 SP&nbsp;<\/p>\n\n\n\n<p>Maiores Informa\u00e7\u00f5es com o Professor Walter Alves Pereira pelo telefone (11)93006 4526 ou pelo e-mail diretorwalter.falc@bol.com.br<\/p>\n\n\n\n<h2>Alunos Diplomados<\/h2>\n\n\n\n<p class=\"has-small-font-size\">Adelma Santos de Souza, N\u00ba do Registro 13876<\/p>\n\n\n\n<p class=\"has-small-font-size\">Alessandra Cristina Rodrigues de Morais Lobo, N\u00ba do Registro 8711<\/p>\n\n\n\n<p class=\"has-small-font-size\">Alexandre Teixeira Silva, N\u00ba do Registro 8709<\/p>\n\n\n\n<p class=\"has-small-font-size\">Alvaro Rodrigues Cavalcante Junior, N\u00ba do Registro 8688<\/p>\n\n\n\n<p class=\"has-small-font-size\">Amak Rodrigues Pessoa, N\u00ba do Registro 8689<\/p>\n\n\n\n<p>Amanda de Castro Carvalho, N\u00ba do Registro 29535<\/p>\n\n\n\n<p class=\"has-small-font-size\">Amanda Rodrigues Novaes dos santos, N\u00ba do Registro 13882<\/p>\n\n\n\n<p class=\"has-small-font-size\">Ana Paula de Sousa Saraiva de Azevedo, N\u00ba do Registro 13883<\/p>\n\n\n\n<p class=\"has-small-font-size\">Ana Paula Souza dos Santos, N\u00ba do Registro 7538<\/p>\n\n\n\n<p class=\"has-small-font-size\">Anderson Pires de Sousa, N\u00ba do Registro 13871<\/p>\n\n\n\n<p class=\"has-small-font-size\">Andre Reis Isabel, N\u00ba do Registro 8700<\/p>\n\n\n\n<p class=\"has-small-font-size\">Andre Rodrigues Soares, N\u00ba do Registro 8690<\/p>\n\n\n\n<p class=\"has-small-font-size\">Andreia Pinheiro Ferreira, N\u00ba do Registro 8682<\/p>\n\n\n\n<p>Aneleide Santos De oliveira, N\u00b0 do registro 39275<\/p>\n\n\n\n<p class=\"has-small-font-size\">Berenice Mota de Oliveira Silva, N\u00ba do Registro 13860<\/p>\n\n\n\n<p class=\"has-small-font-size\">Carina Kelly dos Santos Souza, N\u00ba do Registro 7539<\/p>\n\n\n\n<p>Carmen Sanches Costa Neves, N\u00b0 de registro 1267\/007<\/p>\n\n\n\n<p class=\"has-small-font-size\">Carolina Soares de Oliveira, N\u00ba do Registro 10012<\/p>\n\n\n\n<p class=\"has-small-font-size\">Caroline da Silva Nunes, N\u00ba do Registro 10010<\/p>\n\n\n\n<p class=\"has-small-font-size\">Celso Ferreira Barreto, N\u00ba do Registro 8720<\/p>\n\n\n\n<p class=\"has-small-font-size\">Claudia Guedes de Almeida Costa, N\u00ba do Registro 8701<\/p>\n\n\n\n<p class=\"has-small-font-size\">Claudio do Nascimento, N\u00ba do Registro 13885<\/p>\n\n\n\n<p class=\"has-small-font-size\">Claudio Fernando Silva, N\u00ba do Registro 10014<\/p>\n\n\n\n<p class=\"has-small-font-size\">Cleber dos Santos Souza, N\u00ba do Registro 13913<\/p>\n\n\n\n<p class=\"has-small-font-size\">Cristiane Soares da Silva, N\u00ba do Registro 8680<\/p>\n\n\n\n<p class=\"has-small-font-size\">Dalete Barbosa dos Santos Moura, N\u00ba do Registro 8734<\/p>\n\n\n\n<p class=\"has-small-font-size\">Daniel Gomes Sim\u00e3o, N\u00ba do Registro 8691<\/p>\n\n\n\n<p class=\"has-small-font-size\">Debora Gon\u00e7alves dos Santos, N\u00ba do Registro 8683<\/p>\n\n\n\n<p>Daniele Batista de Melo, N\u00ba do Registro1669\/007<\/p>\n\n\n\n<p class=\"has-small-font-size\">Denise de Souza Ramaro, N\u00ba do Registro 12459<\/p>\n\n\n\n<p class=\"has-small-font-size\">Dennylson Lustosa de Castro, N\u00ba do Registro 8692<\/p>\n\n\n\n<p class=\"has-small-font-size\">Edila Simone Andrade Ribeiro, N\u00ba do Registro 7529<\/p>\n\n\n\n<p class=\"has-small-font-size\">Eduardo Elias da Rocha, N\u00ba do Registro 8716<\/p>\n\n\n\n<p class=\"has-small-font-size\">Elanie Alves da Costa, N\u00ba do Registro 7528<\/p>\n\n\n\n<p class=\"has-small-font-size\">Elen Elaine de Castro Le\u00e3o Monteiro, N\u00ba do Registro 13861<\/p>\n\n\n\n<p class=\"has-small-font-size\">Eliene Concei\u00e7\u00e3o de Oliveira, N\u00ba do Registro 8721<\/p>\n\n\n\n<p class=\"has-small-font-size\">Elisangela Aparecida Miranda, N\u00ba do Registro 13886<\/p>\n\n\n\n<p class=\"has-small-font-size\">Eloina Ribeiro Gomes, N\u00ba do Registro 13889<\/p>\n\n\n\n<p class=\"has-small-font-size\">Emerson Cristiano de Souza Junior, N\u00ba do Registro 13888<\/p>\n\n\n\n<p class=\"has-small-font-size\">Emerson Fernandes Pereira, N\u00ba do Registro 13887<\/p>\n\n\n\n<p class=\"has-small-font-size\">Eunice dos santos Lisboa, N\u00ba do Registro 7530<\/p>\n\n\n\n<p class=\"has-small-font-size\">Eunice Evangelista da Costa Batista, N\u00ba do Registro 8712<\/p>\n\n\n\n<p class=\"has-small-font-size\">Fabericio Ferreira Costa, N\u00ba do Registro 8732<\/p>\n\n\n\n<p>Fabiane Cristina Belis\u00e1rio da Silva, N\u00b0 do Registro 10317<\/p>\n\n\n\n<p class=\"has-small-font-size\">Fabiano Ferreira Costa, N\u00ba do Registro 7544<\/p>\n\n\n\n<p class=\"has-small-font-size\">Fabiano Vieira Santos, N\u00ba do Registro 7535<\/p>\n\n\n\n<p class=\"has-small-font-size\">Fabio Binotto, N\u00ba do Registro 8724<\/p>\n\n\n\n<p class=\"has-small-font-size\">Fernanda Ana Luz Holanda, N\u00ba do Registro 13863<\/p>\n\n\n\n<p class=\"has-small-font-size\">Fernando Marques dos Santos Moraes, N\u00ba do Registro 12460<\/p>\n\n\n\n<p class=\"has-small-font-size\">Flavio Henrique Dias, N\u00ba do Registro 8722<\/p>\n\n\n\n<p>Franciele Filetti da Silva, n\u00b0 do registro 8797<\/p>\n\n\n\n<p class=\"has-small-font-size\">Francisca Junior Pereira da Silva, N\u00ba do Registro 13862<\/p>\n\n\n\n<p class=\"has-small-font-size\">Francisco de Assis Gomes, N\u00ba do Registro 10005<\/p>\n\n\n\n<p class=\"has-small-font-size\">Geane Messias dos Santos, N\u00ba do Registro 13891<\/p>\n\n\n\n<p class=\"has-small-font-size\">Geovanete da Costa Ferreira Carbone, N\u00ba do Registro 8702<\/p>\n\n\n\n<p>Gustavo Henrique Rodrigues, n\u00b0 do registro 8606<\/p>\n\n\n\n<p class=\"has-small-font-size\">Helen Santos Serra, N\u00ba do Registro 13892<\/p>\n\n\n\n<p class=\"has-small-font-size\">Heloisa Sim\u00f5es de Carvalho, N\u00ba do Registro 13878<\/p>\n\n\n\n<p class=\"has-small-font-size\">Hosana Mendes Diniz, N\u00ba do Registro 12461<\/p>\n\n\n\n<p class=\"has-small-font-size\">Islaine Pereira Ribeiro, N\u00ba do Registro 13893<\/p>\n\n\n\n<p class=\"has-small-font-size\">Ivan Donisete dos santos Brito, N\u00ba do Registro10006<\/p>\n\n\n\n<p class=\"has-small-font-size\">Jamile Gon\u00e7alves Portes, N\u00ba do Registro 12462<\/p>\n\n\n\n<p class=\"has-small-font-size\">Jauber Paulo de Oliveira, N\u00ba do Registro 7531<\/p>\n\n\n\n<p class=\"has-small-font-size\">J\u00e9ssika Paula Oliveira Souza da Costa, N\u00ba do Registro 13879<\/p>\n\n\n\n<p class=\"has-small-font-size\">Joana Costa Guedes de Almeida, N\u00ba do Registro 8704<\/p>\n\n\n\n<p class=\"has-small-font-size\">Jo\u00e3o Luiz Alves Dias, N\u00ba do Registro 13865<\/p>\n\n\n\n<p class=\"has-small-font-size\">Joelma Gracyelle Amaral Cardoso, N\u00ba do Registro 13864<\/p>\n\n\n\n<p class=\"has-small-font-size\">Jonathan Pinheiro de Oliveira, N\u00ba do Registro 13851<\/p>\n\n\n\n<p class=\"has-small-font-size\">Jonathas Candido da Silva, N\u00ba do Registro 8694<\/p>\n\n\n\n<p class=\"has-small-font-size\">Jos\u00e9 Amorim Nunes, N\u00ba do Registro 8693<\/p>\n\n\n\n<p class=\"has-small-font-size\">Jos\u00e9 Claudinei Pinto de Campos, N\u00ba do Registro 13894<\/p>\n\n\n\n<p class=\"has-small-font-size\">Jos\u00e9 Donizete Fulnazore, N\u00ba do Registro 8695<\/p>\n\n\n\n<p class=\"has-small-font-size\">Jos\u00e9 dos Santos Junior, N\u00ba do Registro 8717<\/p>\n\n\n\n<p class=\"has-small-font-size\">Jos\u00e9 Holanda de Sousa Filho, N\u00ba do Registro 7532<\/p>\n\n\n\n<p class=\"has-small-font-size\">Juliana Carvalho de Oliveira Milher, N\u00ba do Registro 8703<\/p>\n\n\n\n<p class=\"has-small-font-size\">J\u00falio Marcelo Nascimento Santos, N\u00ba do Registro 8684<\/p>\n\n\n\n<p class=\"has-small-font-size\">Karem Cristiane Cavalcante Rodrigues, N\u00ba do Registro 13897<\/p>\n\n\n\n<p class=\"has-small-font-size\">Karen Cristiane Marcos, N\u00ba do Registro 13895<\/p>\n\n\n\n<p class=\"has-small-font-size\">Karoline Guimaraes Siqueira, N\u00ba do Registro 13396<\/p>\n\n\n\n<p class=\"has-small-font-size\">Kleberson Candido Rodrigues Lopes, N\u00ba do Registro 10007<\/p>\n\n\n\n<p class=\"has-small-font-size\">Lene Batista da Silva, N\u00ba do Registro 8705<\/p>\n\n\n\n<p class=\"has-small-font-size\">Lucas da Silva Damasceno, N\u00ba do Registro 7545<\/p>\n\n\n\n<p class=\"has-small-font-size\">Luc\u00e9lia Regina Proen\u00e7a da Cruz, N\u00ba do Registro 13898<\/p>\n\n\n\n<p class=\"has-small-font-size\">Lucio Antonio Gomes de Souza, N\u00ba do Registro 18873<\/p>\n\n\n\n<p class=\"has-small-font-size\">Ludimar de Assun\u00e7\u00e3o Oliveira Filho, N\u00ba do Registro 8713<\/p>\n\n\n\n<p class=\"has-small-font-size\">Luiz Fernando da Costa, N\u00ba do Registro 8714<\/p>\n\n\n\n<p class=\"has-small-font-size\">Maraisa Gomes de Carvalho, N\u00ba do Registro 8727<\/p>\n\n\n\n<p class=\"has-small-font-size\">Marcelo Jorge Costa Ramos, N\u00ba do Registro 8681<\/p>\n\n\n\n<p class=\"has-small-font-size\">Marcia Cristina Ribeira Albino, N\u00ba do Registro 13880<\/p>\n\n\n\n<p>M\u00e1rcio Feitosa de Oliveira, N\u00b0 do Registro 1539\/007<\/p>\n\n\n\n<p class=\"has-small-font-size\">Marcos de Moraes Gomes, N\u00ba do Registro 13903<\/p>\n\n\n\n<p class=\"has-small-font-size\">Maria Claudineia Padilha Fulnazore, N\u00ba do Registro 8696<\/p>\n\n\n\n<p class=\"has-small-font-size\">Maria Cristina de Andrade Mathias, N\u00ba do Registro 13900<\/p>\n\n\n\n<p class=\"has-small-font-size\">Maria da Concei\u00e7\u00e3o Felix, N\u00ba do Registro 8707<\/p>\n\n\n\n<p class=\"has-small-font-size\">Maria da Paz Silva Costa, N\u00ba do Registro 8697<\/p>\n\n\n\n<p class=\"has-small-font-size\">Maria Fernando Gomes da Silva, N\u00ba do Registro 8735<\/p>\n\n\n\n<p class=\"has-small-font-size\">Maria Ines Marcos, N\u00ba do Registro 13867<\/p>\n\n\n\n<p class=\"has-small-font-size\">Marinalva Alves Monteiro Pressonen, N\u00ba do Registro 7537<\/p>\n\n\n\n<p class=\"has-small-font-size\">Marinalva Oliveira Dias Sousa, N\u00ba do Registro 13845<\/p>\n\n\n\n<p class=\"has-small-font-size\">Marinalva Silva dos Santos C\u00f4rtes, N\u00ba do Registro 10013<\/p>\n\n\n\n<p class=\"has-small-font-size\">Marlene de Jesus Pereira da Silva, N\u00ba do Registro 13875<\/p>\n\n\n\n<p class=\"has-small-font-size\">Marluz Galdino da Silva, N\u00ba do Registro 13901<\/p>\n\n\n\n<p class=\"has-small-font-size\">Matheus Caetano Pezzero, N\u00ba do Registro 8706<\/p>\n\n\n\n<p class=\"has-small-font-size\">Matheus Santana Barros, N\u00ba do Registro 13874<\/p>\n\n\n\n<p>Miguel Roberto Gon\u00e7alves Batista, N\u00b0 do Registro 1538\/007<\/p>\n\n\n\n<p class=\"has-small-font-size\">Mirian Paris Furquim, N\u00ba do Registro 7540<\/p>\n\n\n\n<p class=\"has-small-font-size\">Misael da Silva Oliveira, N\u00ba do Registro 8698<\/p>\n\n\n\n<p class=\"has-small-font-size\">Nave Katia de Oliveira A. Pereira, N\u00ba do Registro 7541<\/p>\n\n\n\n<p class=\"has-small-font-size\">Norberto Silva Marques, N\u00ba do Registro 13904<\/p>\n\n\n\n<p class=\"has-small-font-size\">Patr\u00edcia de Paula Caprole, N\u00ba do Registro 7526<\/p>\n\n\n\n<p class=\"has-small-font-size\">Patr\u00edcia Muniz dos Anjos de Carvalho, N\u00ba do Registro 8728<\/p>\n\n\n\n<p>Paula Gabriely de Oliveira, N\u00b0 do Registro 7771<\/p>\n\n\n\n<p class=\"has-small-font-size\">Paulo Alberto Valdineia de Farias, N\u00ba do Registro 13905<\/p>\n\n\n\n<p class=\"has-small-font-size\">Pedro dos Santos Costa, N\u00ba do Registro 8710<\/p>\n\n\n\n<p class=\"has-small-font-size\">Qu\u00eania J\u00falia Pereira Lima de Ara\u00fajo, N\u00ba do Registro 7542<\/p>\n\n\n\n<p class=\"has-small-font-size\">Rafael Augusta de Oliveira, N\u00ba do Registro 13907<\/p>\n\n\n\n<p class=\"has-small-font-size\">Rafael de Lima Fidelis, N\u00ba do Registro 13906<\/p>\n\n\n\n<p class=\"has-small-font-size\">Rafael Rabelo de Oliveira, N\u00ba do Registro 8699<\/p>\n\n\n\n<p class=\"has-small-font-size\">Rafael Venerque Paes, N\u00ba do Registro 7533<\/p>\n\n\n\n<p class=\"has-small-font-size\">Raissa Ferreira de Sousa Fernandes, N\u00ba do Registro 8715<\/p>\n\n\n\n<p class=\"has-small-font-size\">Ricardo Mafra, N\u00ba do Registro 8686<\/p>\n\n\n\n<p>Roberto Carlos Cruvinel, n\u00b0 do registro 8689<\/p>\n\n\n\n<p class=\"has-small-font-size\">Rosana de Fatima Mariano Santos, N\u00ba do Registro 0687<\/p>\n\n\n\n<p class=\"has-small-font-size\">Rosangela Rosa Rocha, N\u00ba do Registro 13847<\/p>\n\n\n\n<p class=\"has-small-font-size\">Sabrina Aparecida Paulina Marques de Oliveira, N\u00ba do Registro 8729<\/p>\n\n\n\n<p>Sandra Palloni Pinto Reinaldi Nogueira, N\u00b0 do Registro 1355\/007<\/p>\n\n\n\n<p class=\"has-small-font-size\">Sebasti\u00e3o Ant\u00f4nio Rodrigues Pereira, N\u00ba do Registro 8730<\/p>\n\n\n\n<p class=\"has-small-font-size\">Sheila Valeria de Macedo Oliveira, N\u00ba do Registro 13908<\/p>\n\n\n\n<p class=\"has-small-font-size\">Silvana Boemio Ramos, N\u00ba do Registro 10008<\/p>\n\n\n\n<p class=\"has-small-font-size\">Simone Alencar Pereira Ara\u00fajo, N\u00ba do Registro 13857<\/p>\n\n\n\n<p>Soraia Regina Dib, N\u00b0 de registro 1368\/007<\/p>\n\n\n\n<p class=\"has-small-font-size\">Telma Pires de Oliveira, N\u00ba do Registro 7543<\/p>\n\n\n\n<p>Tereza Cristina de Souza Prazeres, N\u00b0 do Registro 0022307<\/p>\n\n\n\n<p class=\"has-small-font-size\">Thiago Barbosa, N\u00ba do Registro 8733<\/p>\n\n\n\n<p class=\"has-small-font-size\">Tiago Henrique Rosa, N\u00ba do Registro 13909<\/p>\n\n\n\n<p class=\"has-small-font-size\">Vanderlei Heleno, N\u00ba do Registro 8731<\/p>\n\n\n\n<p class=\"has-small-font-size\">Vanessa dos Santos, N\u00ba do Registro 13869<\/p>\n\n\n\n<p class=\"has-small-font-size\">Vanessa Maciel Lopes da Silva, N\u00ba do Registro 13868<\/p>\n\n\n\n<p class=\"has-small-font-size\">Vanessa Oliveira de souza, N\u00ba do Registro 13846<\/p>\n\n\n\n<p class=\"has-small-font-size\">Vicente de Paula Bezerra da Silva, N\u00ba do Registro 13910<\/p>\n\n\n\n<p class=\"has-small-font-size\">Virginia Felipine de Albuquerque, N\u00ba do Registro 13870<\/p>\n\n\n\n<p class=\"has-small-font-size\">Viviane Aparecida de Carvalho Faria, N\u00ba do Registro 8718<\/p>\n\n\n\n<p class=\"has-small-font-size\">Viviane Pares Joaquim, N\u00ba do Registro 10014<\/p>\n\n\n\n<p class=\"has-small-font-size\">Willians de Almeida Parroso, N\u00ba do Registro 8708<\/p>\n\n\n\n<p class=\"has-small-font-size\">Wilson Karone Fukushema, N\u00ba do Registro 13912<\/p>\n\n\n\n<p>Carapicu\u00edba -SP, 17 de outubro de 2022.<\/p>\n\n\n\n<p class=\"has-text-align-center\"><strong>Jo\u00e3o Tomaz de Oliveira<\/strong><\/p>\n\n\n\n<p class=\"has-text-align-center\">Secret\u00e1rio Geral e de Emiss\u00e3o de Diplomas<\/p>\n","protected":false},"excerpt":{"rendered":"<p>A Faculdade Aldeia de Carapicu\u00edba \u2013 FALC, torna-se p\u00fablico a listagem dos alunos diplomados no ano de 2022, at\u00e9 a presente data. Comunicamos aos alunos que conclu\u00edram seus cursos e ainda n\u00e3o solicitaram seus diplomas, procurar a Faculdade FALC \/ FAEESP, localizado na AV. Presidente Vargas N\u00ba 403 Jardim Nova Itapevi \u2013 Itapevi \u2013 SP&nbsp;<a class=\"more-link\" href=\"https:\/\/falc.edu.br\/\">Continue reading <span class=\"screen-reader-text\">&#8220;Alunos Diplomados&#8221;<\/span><\/a><\/p>\n","protected":false},"author":1,"featured_media":0,"parent":0,"menu_order":0,"comment_status":"closed","ping_status":"open","template":"","meta":{"om_disable_all_campaigns":false,"_mi_skip_tracking":false},"aioseo_notices":[],"_links":{"self":[{"href":"https:\/\/falc.edu.br\/index.php\/wp-json\/wp\/v2\/pages\/2"}],"collection":[{"href":"https:\/\/falc.edu.br\/index.php\/wp-json\/wp\/v2\/pages"}],"about":[{"href":"https:\/\/falc.edu.br\/index.php\/wp-json\/wp\/v2\/types\/page"}],"author":[{"embeddable":true,"href":"https:\/\/falc.edu.br\/index.php\/wp-json\/wp\/v2\/users\/1"}],"replies":[{"embeddable":true,"href":"https:\/\/falc.edu.br\/index.php\/wp-json\/wp\/v2\/comments?post=2"}],"version-history":[{"count":20,"href":"https:\/\/falc.edu.br\/index.php\/wp-json\/wp\/v2\/pages\/2\/revisions"}],"predecessor-version":[{"id":63,"href":"https:\/\/falc.edu.br\/index.php\/wp-json\/wp\/v2\/pages\/2\/revisions\/63"}],"wp:attachment":[{"href":"https:\/\/falc.edu.br\/index.php\/wp-json\/wp\/v2\/media?parent=2"}],"curies":[{"name":"wp","href":"https:\/\/api.w.org\/{rel}","templated":true}]}}